, 64693
What are the prime factors of 173471136?
2, 3, 101, 17891
What are the prime factors of 595004325?
3, 5, 113, 70207
What are the prime factors of 1490277?
3, 457, 1087
What are the prime factors of 23201939?
23201939
What are the prime factors of 82363152?
2, 3, 1715899
What are the prime factors of 342648821?
17, 20155813
List the prime factors of 5682170062.
2, 157, 18096083
List the prime factors of 15182792.
2, 41, 1129
List the prime factors of 59208998.
2, 1409, 21011
List the prime factors of 102384508.
2, 101, 253427
What are the prime factors of 148253649?
3, 4397, 11239
List the prime factors of 64388240.
2, 5, 7, 31, 3709
What are the prime factors of 456558700?
2, 5, 13, 31, 11329
What are the prime factors of 47048273?
47048273
List the prime factors of 78506289.
3, 17, 263, 1951
What are the prime factors of 201315394?
2, 7, 17, 845863
List the prime factors of 155487826.
2, 13, 41, 145861
What are the prime factors of 535904662?
2, 267952331
List the prime factors of 822027395.
5, 7, 23486497
List the prime factors of 117821869.
11, 19, 353, 1597
What are the prime factors of 4089055486?
2, 2903, 704281
List the prime factors of 815801235.
3, 5, 109, 498961
List the prime factors of 657619483.
17, 38683499
List the prime factors of 23842814.
2, 29, 411083
List the prime factors of 70485546.
2, 3, 179, 65629
What are the prime factors of 21912314?
2, 349, 31393
What are the prime factors of 63193691?
11, 73, 78697
What are the prime factors of 65175003?
3, 83, 127, 229
What are the prime factors of 8073409606?
2, 4036704803
List the prime factors of 674884895.
5, 134976979
List the prime factors of 158004758.
2, 2333, 33863
List the prime factors of 57821289.
3, 19273763
What are the prime factors of 4790335027?
4790335027
What are the prime factors of 343482699?
3, 7, 29, 197, 409
List the prime factors of 1028836885.
5, 89, 2311993
List the prime factors of 4838912596.
2, 7, 61, 389, 7283
What are the prime factors of 24615414?
2, 3, 16883
What are the prime factors of 100408553?
7, 53, 241, 1123
List the prime factors of 43506958.
2, 11, 53, 37313
What are the prime factors of 4897938471?
3, 1039, 1571363
List the prime factors of 994059713.
994059713
What are the prime factors of 2792143957?
2792143957
List the prime factors of 266283428.
2, 31, 103, 20849
What are the prime factors of 1220947490?
2, 5, 7, 17442107
What are the prime factors of 65459466?
2, 3, 61, 59617
What are the prime factors of 53474522?
2, 509, 52529
What are the prime factors of 11916393?
3, 83, 47857
What are the prime factors of 446434992?
2, 3, 149, 20807
What are the prime factors of 372332122?
2, 12289, 15149
What are the prime factors of 3942748776?
2, 3, 43, 521, 7333
List the prime factors of 180422692.
2, 67, 179, 3761
What are the prime factors of 63066647?
7, 9009521
List the prime factors of 426810028.
2, 106702507
What are the prime factors of 9584583?
3, 17, 23, 8171
List the prime factors of 4233251.
11, 384841
What are the prime factors of 1478861373?
3, 11, 59, 759559
What are the prime factors of 780163415?
5, 156032683
What are the prime factors of 40112949?
3, 47, 284489
List the prime factors of 115902513.
3, 251, 51307
What are the prime factors of 14089587?
3, 4696529
What are the prime factors of 455081731?
13, 1741, 20107
What are the prime factors of 169637028?
2, 3, 11, 1285129
List the prime factors of 499034055.
3, 5, 13, 2559149
List the prime factors of 2894093613.
3, 321565957
List the prime factors of 53550588.
2, 3, 7, 13, 19, 29, 89
List the prime factors of 2418683331.
3, 806227777
What are the prime factors of 41725994?
2, 20862997
What are the prime factors of 387068751?
3, 2887, 14897
List the prime factors of 409071693.
3, 136357231
What are the prime factors of 794860497?
3, 19, 4648307
List the prime factors of 1020587387.
277, 443, 8317
What are the prime factors of 9802222?
2, 4901111
List the prime factors of 3333898854.
2, 3, 11, 13, 1295221
What are the prime factors of 39517292?
2, 9879323
What are the prime factors of 153957747?
3, 41, 30529
What are the prime factors of 83289222?
2, 3, 17, 593
What are the prime factors of 28051978?
2, 14025989
What are the prime factors of 37524756?
2, 3, 31, 149, 677
What are the prime factors of 1204279102?
2, 13, 73, 634499
List the prime factors of 1870032782.
2, 19, 2689, 18301
What are the prime factors of 1061387546?
2, 530693773
List the prime factors of 66308523.
3, 4253, 5197
What are the prime factors of 37202206?
2, 79, 241, 977
List the prime factors of 1347510230.
2, 5, 11, 29, 367, 1151
What are the prime factors of 1788896581?
29, 743, 83023
What are the prime factors of 242213795?
5, 47, 263, 3919
What are the prime factors of 613684764?
2, 3, 7, 11, 269, 823
List the prime factors of 77351040.
2, 3, 5, 13, 1033
List the prime factors of 236894022.
2, 3, 227, 57977
List the prime factors of 303574219.
13, 17, 1373639
What are the prime factors of 2602140984?
2, 3, 12046949
List the prime factors of 44121191.
191, 231001
What are the prime factors of 25412567?
2467, 10301
List the prime factors of 71405698.
2, 7, 13, 392339
List the prime factors of 2232978.
2, 3, 11, 23, 1471
What are the prime factors of 120115013?
17, 29, 53, 4597
List the prime factors of 83566983.
3, 27855661
What are the prime factors of 68869333?
13, 83, 769
What are the prime factors of 2389678752?
2, 3, 2801, 8887
List the prime factors of 2044650593.
2099, 974107
What are the prime factors of 95129096?
2, 109, 127, 859
What are the prime factors of 156334874?
2, 78167437
What are the prime factors of 353435018?
2, 47, 71, 52957
List the prime factors of 321646329.
3, 23, 517949
List the prime factors of 3474834998.
2, 71, 131, 186799
List the prime factors of 1337963396.
2, 7, 11, 4344037
What are the prime factors of 450235919?
7, 233, 276049
What are the prime factors of 1476074529?
3, 4673, 11699
List the prime factors of 50468571.
3, 5607619
List the prime factors of 1440508978.
2, 19, 67, 565793
What are the prime factors of 1807957382?
2, 7, 11, 29, 404827
List the prime factors of 53540902.
2, 29, 193, 4783
What are the prime factors of 5939737851?
3, 1979912617
List the prime factors of 615162564.
2, 3, 17087849
List the prime factors of 20967750.
2, 3, 5, 9319
List the prime factors of 24760935.
3, 5, 193, 2851
What are the prime factors of 132628873?
13, 19, 59, 479
What are the prime factors of 36510969?
3, 11, 71, 15583
What are the prime factors of 195767116?
2, 4289, 11411
List the prime factors of 97961875.
5, 11, 14249
List the prime factors of 178044479.
178044479
List the prime factors of 8688181.
23, 181, 2087
What are the prime factors of 632601966?
2, 3, 229, 460409
What are the prime factors of 181314742?
2, 7, 109, 131, 907
What are the prime factors of 193755379?
71, 1277, 2137
List the prime factors of 2101275008.
2, 7, 307, 7639
What are the prime factors of 702579711?
3, 234193237
List the prime factors of 62510839.
62510839
List the prime factors of 989165326.
2, 37, 59, 71, 3191
What are the prime factors of 966076401?
3, 37, 509, 17099
List the prime factors of 28007183.
127, 220529
List the prime factors of 875940107.
7, 461, 521
What are the prime factors of 56652072?
2, 3, 19, 283, 439
List the prime factors of 14802176.
2, 67, 863
What are the prime factors of 1986090097?
1201, 1653697
What are the prime factors of 215790664?
2, 26973833
List the prime factors of 767392698.
2, 3, 127898783
List the prime factors of 153886372.
2, 373, 103141
List the prime factors of 805028691.
3, 268342897
What are the prime factors of 25683638?
2, 107, 120017
What are the prime factors of 221840252?
2, 55460063
What are the prime factors of 26629200?
2, 3, 5, 13, 569
What are the prime factors of 1591701651?
3, 58951913
What are the prime factors of 4191598322?
2, 19, 110305219
List the prime factors of 209772952.
2, 1103, 23773
List the prime factors of 137843849.
11, 13, 963943
List the prime factors of 7781550.
2, 3, 5, 7, 7411
List the prime factors of 3970740714.
2, 3, 181, 1373, 2663
List the prime factors of 355395209.
13, 19, 1438847
List the prime factors of 2362447448.
2, 149, 1981919
List the prime factors of 19739273.
73, 317, 853
Wha